 = 4*v + 20. Calculate k(-4).
4
Let j(o) = o**3 + 5*o**2 + 4*o. Give j(-3).
6
Let z(c) = -5*c - 23. Give z(-8).
17
Let r(g) = -2*g - 2. Give r(-5).
8
Let j(s) = -119*s**3 + 2*s**2 - 1. What is j(1)?
-118
Let r(g) = -g**3 + 2*g**2 + 2*g + 29. Give r(0).
29
Let j(h) = 5*h**3 + 2*h**2 - h. Calculate j(1).
6
Let t(y) = 33*y + 1. What is t(-1)?
-32
Let r(j) = -25*j + 267. Determine r(9).
42
Let d(h) = 2*h + 25. Give d(-11).
3
Let y(o) = -8*o + 42. Determine y(6).
-6
Let j(f) = -f**3 - 5*f**2 - 5*f - 4. What is j(-3)?
-7
Let g(u) = 7*u**2 + 4*u - 3. What is g(2)?
33
Let j(i) = -i**3 + 10*i**2 - 6. Determine j(10).
-6
Let f(w) = 2*w**2 + 5*w + 6. What is f(-4)?
18
Let b(t) = t**3 - 6*t**2 + 2*t + 13. Determine b(5).
-2
Let m(y) = 28*y - 395. Give m(14).
-3
Let g(s) = s**3 + 5*s**2 - 2*s + 5. Determine g(-5).
15
Let b(a) = a + 4. Determine b(5).
9
Let l(s) = 2*s**3 + 2*s**2 + 1. What is l(2)?
25
Let i(o) = -o**3 + 4*o**2 - 5*o + 4. Give i(3).
-2
Let c(i) = i**3 + 10*i**2 - 26*i - 22. Calculate c(-12).
2
Let d(o) = -2*o**2 + 19*o + 72. Give d(12).
12
Let x(y) = -y**3 - 3*y**2 + 43*y + 19. Calculate x(-8).
-5
Let j(r) = -r**2 + 19*r + 22. Give j(12).
106
Let t(h) = 21*h + 208. Give t(-10).
-2
Let r(j) = j + 24. Determine r(-27).
-3
Let p(g) = g**2 - 4*g - 12. Determine p(8).
20
Let j(n) = 45*n - 42. Determine j(1).
3
Let o(g) = 3*g**2 + 6*g + 3. What is o(-5)?
48
Let p(l) = -l - 22. What is p(-23)?
1
Let l(s) = -11*s - 88. Calculate l(-7).
-11
Let w(l) = l + 29. Calculate w(-22).
7
Let a(y) = y**2 - 54*y + 207. Determine a(50).
7
Let q(o) = -o**3 - 15*o**2 + 15*o - 14. What is q(-16)?
2
Let t(g) = -9*g**3. Calculate t(1).
-9
Let s(j) = -j**2 - 41*j - 34. Calculate s(-40).
6
Let x(v) = 3*v + 17. What is x(-5)?
2
Let x(d) = d**3 + 7*d**2 + 11*d + 7. What is x(-5)?
2
Let x(q) = 2*q**3 + 10*q**2 - q + 2. Give x(-6).
-64
Let p(u) = u**2 + 8*u + 13. Give p(-7).
6
Let h(z) = z**3 + 4*z**2 - 3*z. Determine h(-5).
-10
Let d(k) = -k**2 - k + 4. What is d(-4)?
-8
Let x(r) = r - 2. Give x(10).
8
Let h(x) = x**3 + 3*x**2 + 11*x + 48. Calculate h(-4).
-12
Let x(n) = -3*n + 12. Determine x(14).
-30
Let j(s) = -4*s - 31. Calculate j(-6).
-7
Let r(f) = f**3 + 12*f**2 - f + 15. Determine r(-12).
27
Let y(m) = -m**2 + 4*m - 5. What is y(5)?
-10
Let x(r) = -4*r + 30. What is x(12)?
-18
Let n(d) = 41*d**2 + 5*d - 4. Give n(1).
42
Let j(q) = -q**2 + 8*q. Calculate j(7).
7
Let r(u) = 10*u - 47. What is r(4)?
-7
Let k(i) = i**3 - 43*i**2 - 46*i + 85. Determine k(44).
-3
Let o(v) = v**3 + 5*v**2 - v - 9. What is o(-4)?
11
Let p(h) = 6*h**3 - h**2 + 3*h - 1. What is p(1)?
7
Let l(x) = -3*x + 128. Give l(37).
17
Let f(h) = h**3 + 8*h**2 + 19*h + 2. Give f(-5).
-18
Let q(v) = 16*v**3 - v**2 + v - 1. What is q(1)?
15
Let p(x) = 3*x**2 + 10*x - 13. Give p(-5).
12
Let a(o) = o**3 - 14*o**2 + 6*o - 53. Determine a(14).
31
Let m(i) = -i**3 + 22*i**2 + 2*i - 43. Give m(22).
1
Let m(k) = -9*k**2 - 4*k - 3. Determine m(-1).
-8
Let t(w) = -8*w + 157. Determine t(21).
-11
Let j(x) = x**2 + 42*x - 349. Determine j(-49).
-6
Let c(d) = 25*d + 40. What is c(-4)?
-60
Let b(c) = 4*c**3 - 7*c**2 - 3*c - 1. Determine b(4).
131
Let g(q) = -q + 7. Calculate g(-8).
15
Let t(p) = 2*p - 15. Calculate t(8).
1
Let n(x) = -6*x**2 - 7*x - 10. What is n(-4)?
-78
Let q(f) = 2*f**2 - 3*f + 50. Give q(0).
50
Let u(a) = -4*a + 3. Determine u(6).
-21
Let o(m) = 7*m + 347. Determine o(-49).
4
Let i(h) = -16*h**3 + h. What is i(1)?
-15
Let b(s) = -s**3 + 15*s**2 - s + 3. Give b(15).
-12
Let s(a) = -a + 7. What is s(7)?
0
Let r(q) = -q**2 + 4. Calculate r(3).
-5
Let a(m) = -113*m + 221. What is a(2)?
-5
Let s(p) = -4*p. Calculate s(-1).
4
Let v(n) = n**2 + 10*n - 49. Determine v(-14).
7
Let o(c) = -7*c + 10. Calculate o(5).
-25
Let j(n) = -2*n**3 - 6*n**2 + 12*n + 9. What is j(-4)?
-7
Let i(n) = 5*n + 156. Determine i(-31).
1
Let r(t) = -7*t**2 - 2*t + 2. Calculate r(2).
-30
Let u(a) = a**3 - a**2 + 3*a - 2. What is u(4)?
58
Let f(n) = -n + 2. Give f(3).
-1
Let q(n) = 15*n - 86. What is q(6)?
4
Let x(v) = -v**2 - 3*v + 56. Give x(6).
2
Let a(r) = -8*r**3 - 130*r**2 - 34*r - 29. Give a(-16).
3
Let r(t) = 9*t - 2. Determine r(1).
7
Let p(k) = -4*k**2 - k + 6. Determine p(3).
-33
Let w(z) = -4*z + 18. Calculate w(5).
-2
Let z(w) = w**2 - 6*w + 6. Determine z(7).
13
Let y(k) = k**3 + 19*k**2 - 44*k - 41. What is y(-21)?
1
Let t(d) = -8*d - 38. Determine t(-7).
18
Let k(a) = -2*a**2 + 17*a + 3. Give k(9).
-6
Let t(n) = n**3 - 8*n**2 + 4*n + 9. Give t(5).
-46
Let r(o) = o**2 - 21*o - 23. Determine r(22).
-1
Let t(o) = -o**2 + 4*o - 5. Calculate t(10).
-65
Let x(m) = -m**2 + 4*m - 24. Calculate x(8).
-56
Let y(l) = -2*l**3 - 11*l**2 + 2*l - 21. Determine y(-6).
3
Let h(u) = u - 11. Determine h(-4).
-15
Let y(p) = -5*p + 4. What is y(-3)?
19
Let f(m) = m**2 - 2*m - 1. What is f(-1)?
2
Let i(z) = z**3 - 33*z**2 + 28*z + 137. Give i(32).
9
Let f(n) = 2*n**2 + 8*n - 6. Determine f(-7).
36
Let q(z) = 2*z**3 - 2*z**2 + 3. Give q(-2).
-21
Let t(w) = 10*w - 21. Give t(5).
29
Let y(o) = -o**3 - 19*o**2 - 81*o - 42. Calculate y(-13).
-3
Let n(d) = 5*d**3 - 3*d**2 + 3*d - 1. Calculate n(2).
33
Let m(w) = -w**3 - w**2 + 20*w - 3. What is m(4)?
-3
Let u(x) = x**3 - 15*x**2 + 41*x - 60. Give u(12).
0
Let z(x) = -x**2 - x - 3. Determine z(-3).
-9
Let k(q) = q + 24. Give k(-18).
6
Let y(h) = 5*h - 1. Determine y(8).
39
Let p(c) = c**2 + 2*c - 10. Give p(-6).
14
Let b(i) = -2*i + 8. Calculate b(-1).
10
Let f(o) = 11*o**2 - 1. Give f(-1).
10
Let c(v) = v**3 + 15*v**2 + 13*v - 15. Calculate c(-14).
-1
Let r(w) = -w**2 - 4*w - 5. Calculate r(-2).
-1
Let b(z) = -z**3 - 4*z**2 + 3*z + 3. What is b(3)?
-51
Let r(x) = -48*x - 43. Determine r(-1).
5
Let j(v) = 31*v. Determine j(0).
0
Let o(x) = -19*x - 121. Calculate o(-6).
-7
Let i(u) = u**2 - 2. Determine i(-2).
2
Let u(s) = -2*s**3 - 9*s**2 + 9*s + 14. Give u(-5).
-6
Let a(g) = -g**2 - g + 3. Give a(2).
-3
Let f(z) = 5*z**2 + 24*z - 5. Calculate f(-5).
0
Let o(l) = -3*l**3 - l**2 + 4*l - 6. Determine o(-4).
154
Let i(s) = -3*s**2 - 3*s + 3. Determine i(-5).
-57
Let p(m) = 6*m**2 - 82*m - 14. Determine p(14).
14
Let u(f) = 3*f + 12. What is u(-9)?
-15
Let j(p) = 3*p - 53. Determine j(13).
-14
Let l(m) = -16*m + 27. What is l(3)?
-21
Let m(g) = -2*g - 7. What is m(-11)?
15
Let n(o) = o**3 + 7*o**2 + 3*o + 3. What is n(-7)?
-18
Let p(f) = -f**2 - 40*f - 33. Give p(-39).
6
Let h(q) = -q**3 - 21*q**2 - 19*q + 23. Give h(-20).
3
Let s(u) = u + 3. Determine s(6).
9
Let w(p) = p**3 - 14*p**2 + 14*p - 13. What is w(13)?
0
Let v(f) = -f**3 + 11*f**2 - 9*f - 2. Calculate v(10).
8
Let t(q) = -q**2 + 10. Calculate t(5).
-15
Let t(c) = c**2 - 2*c - 53. Determine t(0).
-53
Let n(m) = m + 7. Calculate n(3).
10
Let j(i) = i**2 + 14*i + 3. Give j(-14).
3
Let k(l) = 13*l - 1200. What is k(93)?
9
Let j(b) = b**3 + 2*b - 1. What is j(2)?
11
Let w(t) = -2*t**3 - 2*t**2 - 5*t - 6. Give w(-2).
12
Let k(f) = f**3 - 10*f**2 + 2*f - 49. Determine k(10).
-29
Let c(z) = -68*z - 546. Calculate c(-8).
-2
Let x(v) = v**3 + 13*v**2 + 11*v - 3. Give x(-12).
9
Let t(u) = -2*u**2 + 14*u + 17. Give t(8).
1
Let b(v) = -v**3 - 3*v**2 - 2*v - 4. Calculate b(-3).
2
Let i(x) = -3*x**3 - 4*x - 13. Give i(-2).
19
Let y(o) = 2*o**2 - o - 1. What is y(-1)?
2
Let i(p) = 2*p - 27. Give i(11).
-5
Let m(r) = r**2 + 3*r - 2. Give m(5).
38
Let w(f) = -2*f - 27. Calculate w(-6).
-15
Let b(p) = -p**2 - 2*p + 9. Determine b(-6).
-15
Let v(g) = -g**3 - 3*g**2 + 7*g. What is v(-4)?
-12
Let q(z) = -5*z**2 - 27*z + 20. Calculate q(-6).
2
Let u(m) = -m**3 + m**2 + m - 4. Calculate u(2).
-6
Let o(a) = -2*a**3 - 17*a**2 + 10*a + 11. Give o(-9).
2
Let s(j) = j**3 - j**2 + 61*j + 126. Give s(-2).
-8
Let z(i) = 12*i**3 + 2*i**2 - i. Give z(1).
13
Let t(f) = 4*f + 8. Determine t(0).
8
Let l(o) = 4*o - 19. Give l(6).
5
Let o(u) = u**3 - 13*u**2 + 22*u + 16. Give o(10).
-64
Let w(v) = 20*v**2 - 7*v + 8. Determine w(2).
74
Let z(i) = -12*i + 174. Determine z(15).
-6
Let w(s) = -s**3 + 13*s**2 + 144*s - 82. Give w(20).
-2
Let g(p) = -2*p**2 + 19*p - 14. Give g(10).
-24
Let p(o) = 16*o + 142. Calculate p(-9).
-2
Let s(k) = 4*k**2 - 3*k + 1. Determine s(-3).
46
Let l(i) = -3*i**2 - 110*i + 38. Calculate l(-37).
1
Let x(w) = w**3 + 14*w**2 - 9*w - 48. Calculate